4, what is 12d1 + 77?
1368
In base 5, what is 32321004 - 2340?
32313114
In base 16, what is -64 + -19eff?
-19f63
In base 13, what is aa + -11940?
-11863
In base 15, what is -3 + 16a4cb9?
16a4cb6
In base 14, what is c934c01 - -4?
c934c05
In base 10, what is -654612 - -22?
-654590
In base 11, what is -36a502 + -23?
-36a525
In base 4, what is 231312 - 1112200?
-220222
In base 8, what is 5101105 + -5?
5101100
In base 9, what is 4 - 38508610?
-38508605
In base 2, what is -1 + -11001101011110100001001011?
-11001101011110100001001100
In base 12, what is 7 - 9a9909?
-9a9902
In base 11, what is 572a + -1506?
4224
In base 6, what is 11133 + 201?
11334
In base 5, what is 4212003 - 3?
4212000
In base 11, what is 48319 - -1821?
4a03a
In base 13, what is 39 - 901ab9?
-901a80
In base 6, what is -32532 - -50044?
13112
In base 9, what is 1273386 + 17?
1273414
In base 8, what is -13 + 264663755?
264663742
In base 14, what is 34a6141 + 0?
34a6141
In base 2, what is 0 - -1111011010001110110001011?
1111011010001110110001011
In base 10, what is 3461 - -864?
4325
In base 16, what is -3a - -c4a60?
c4a26
In base 8, what is 723235 + 1216?
724453
In base 10, what is 16 - 10083654?
-10083638
In base 10, what is 5 - 232563?
-232558
In base 14, what is -1 + -d24cc?
-d24cd
In base 9, what is -248 + 6421?
6162
In base 8, what is 163 + -3057256?
-3057073
In base 3, what is -210120101011 - -100021?
-210120000220
In base 12, what is 3212 - b95?
2239
In base 13, what is -11a66 - -cc?
-11967
In base 14, what is 25 + -171d1?
-171aa
In base 9, what is 0 - 43816118?
-43816118
In base 6, what is 1 + -1541250033?
-1541250032
In base 14, what is 23 - -c7053d?
c70562
In base 14, what is 19 + c73b4?
c73cd
In base 4, what is 2300 + -30201021201?
-30201012301
In base 16, what is 55 - -1d9cb?
1da20
In base 3, what is 10002 - -101110022000?
101110102002
In base 5, what is -111120 + 44121?
-11444
In base 5, what is -10424244332232 - -10?
-10424244332222
In base 15, what is -d3e + 245a7?
23768
In base 15, what is 7e - -2e2715?
2e2794
In base 15, what is -8a + 93708?
9366d
In base 12, what is 6227767 - 4?
6227763
In base 16, what is 56 + 4fa9f3?
4faa49
In base 5, what is 430213330330 + -3?
430213330322
In base 9, what is -1083523 - -30?
-1083483
In base 3, what is -201120101 - -11000122?
-120112202
In base 12, what is -5 - 309725b?
-3097264
In base 2, what is 110 + 110010010001010011010000001?
110010010001010011010000111
In base 14, what is -4c6a - -110?
-4b5a
In base 9, what is 52 + 31803330?
31803382
In base 2, what is 10 - 11001001110101101001110?
-11001001110101101001100
In base 9, what is 652767 + 21?
652788
In base 6, what is 1445 - 201000?
-155111
In base 11, what is 12 - 560100?
-560099
In base 12, what is -11b + b7605?
b74a6
In base 15, what is 155 - e930?
-e7ca
In base 9, what is 20 - -105883?
106013
In base 13, what is 394461c + 0?
394461c
In base 8, what is 132020313 + -14?
132020277
In base 5, what is -4 - 41214033011?
-41214033020
In base 11, what is 458645 - 5?
458640
In base 10, what is -265 + -948095?
-948360
In base 8, what is 1431452541 - 1?
1431452540
In base 12, what is 11924306 + 4?
1192430a
In base 10, what is -7427 + 69059?
61632
In base 7, what is -2232346124 + -2?
-2232346126
In base 11, what is -4a7 + -48895a?
-489356
In base 15, what is -11715 - -b5a?
-10aaa
In base 10, what is 48884 - -13837?
62721
In base 12, what is 6 + -10b320?
-10b316
In base 16, what is 51e9 + -ee?
50fb
In base 2, what is -10100000111 + -1010110111100?
-1101011000011
In base 11, what is 3a3995a + 4?
3a39963
In base 13, what is 1acab00 + -4?
1acaac9
In base 4, what is 33323020020 + -101?
33323013313
In base 12, what is -1a940 + -1779?
-204b9
In base 6, what is 1143404 + -1013?
1142351
In base 5, what is -12212011 - 23242?
-12240303
In base 8, what is 2 + 22000454?
22000456
In base 10, what is 353 - 24005?
-23652
In base 3, what is 112022221 + 10112022?
122212020
In base 12, what is 169a82 + 17?
169a99
In base 14, what is 6bd + 491d0?
498ad
In base 10, what is 276377558 - 2?
276377556
In base 2, what is 111111000001 + -10110011101110?
-1110100101101
In base 6, what is 10202034 + -321?
10201313
In base 3, what is -212112021 - 20011111?
-1002200202
In base 8, what is -16363 + 3515?
-12646
In base 10, what is 20945 + 9085?
30030
In base 14, what is 1b + -1743a?
-1741d
In base 16, what is -7857a - -26?
-78554
In base 13, what is -2715367 - 0?
-2715367
In base 11, what is 2a3 - -110a55?
111248
In base 2, what is -10000100000111 - 1101011000100?
-11101111001011
In base 15, what is -19 + 552bc2?
552ba8
In base 9, what is -101 + -367877?
-368078
In base 4, what is 211323131302 + 2032?
211323200000
In base 8, what is -4 + -16204616?
-16204622
In base 3, what is -110222210000 + -100?
-110222210100
In base 8, what is -6062353 + 11?
-6062342
In base 8, what is 6 - 53754022?
-53754014
In base 13, what is -8c + -36a03c?
-36a0cb
In base 7, what is 50 + -2065024?
-2064644
In base 6, what is -5 + -3142200?
-3142205
In base 8, what is 6115705 - 4?
6115701
In base 12, what is b8 + -7b789?
-7b691
In base 11, what is 33879630 + 4?
33879634
In base 5, what is 21242123 - -1044?
21243222
In base 5, what is 12 + 10421241423?
10421241440
In base 9, what is -36074015 + 17?
-36073887
In base 14, what is 94 + -52c9d0?
-52c93a
In base 11, what is -182a07 + 875?
-182142
In base 16, what is -540e - -7?
-5407
In base 7, what is 2552320 - 45?
2552242
In base 7, what is -331232554 + 3?
-331232551
In base 11, what is a + 33a7695?
33a76a4
In base 2, what is -1001100111001001101110 - 0?
-1001100111001001101110
In base 13, what is -38844 + 2c?
-38815
In base 8, what is 0 - 353222355?
-353222355
In base 8, what is -10560 + 17752?
7172
In base 9, what is 33412 - 2118?
31283
In base 5, what is -2121113434 + 10?
-2121113424
In base 11, what is -41823339 + 1?
-41823338
In base 2, what is -1001001100100010101000001 + -1?
-1001001100100010101000010
In base 16, what is -6f41710 - -1?
-6f4170f
In base 11, what is 164 - -22aa11?
230075
In base 14, what is 11b69 + -2c?
11b3b
In base 11, what is -748 - 8563?
-9200
In base 12, what is 2 - 114157a?
-1141578
In base 13, what is -6a262 - b?
-6a270
In base 5, what is 21 + 32233333?
32233404
In base 5, what is 34013443 + -343?
34013100
In base 11, what is -1469 - 5581?
-6a3a
In base 7, what is 51454653 + 12?
51454665
In base 5, what is -32233401123 + 3?
-32233401120
In base 10, what is -104552 - 421?
-104973
In base 14, what is 914174 - 2?
914172
In base 10, what is -6329 - -2878?
-3451
In base 14, what is 91 - 2bb353?
-2bb2a2
In base 5, what is -4 - 14220420241?
-14220420300
In base 3, what is 211101122220010 + -1?
211101122220002
In base 7, what is -15 - 350013500?
-350013515
In base 7, what is 245614610 - 2?
245614605
In base 11, what is 3 - 3265a33?
-3265a30
In base 4, what is -1020310 + 31111?
-323133
In base 10, what is 0 - 86937470?
-86937470
In base 5, what is 11303030222 + -2?
11303030220
In base 6, what is -22 + 32344223?
32344201
In base 4, what is -321222110 + 13113?
-321202331
In base 16, what is 0 + -128d67da?
-128d67da
In base 2, what is 11 + -11110000010110?
-11110000010011
In base 7, what is 2533611 - 101?
2533510
In base 14, what is -183 + -2d6aa?
-2d84d
In base 5, what is 23114310 - 1124?
23113131
In base 15, what is -23 - 4d36?
-4d59
In base 8, what is 3 - -106547333?
106547336
In base 14, what is -1 + -cd3c40?
-cd3c41
In base 13, what is 2c00b + -33?
2bca8
In base 4, what is -21011131 - -2002011?
-13003120
In base 4, what is -1101231230 - -1002?
-1101230222
In base 12, what is 15592283 + -4?
1559227b
In base 4, what is 1 - -22133200230?
22133200231
In base 16, what is -9 - 515973?
-51597c
In base 10, what is -60 - -54445?
54385
In base 14, what is cb5b975 + -2?
cb5b973
In base 12, what is -239558 - 44?
-2395a0
In base 8, what is -207 - 2775037?
-2775246
In base 15, what is 26c + -7136?
-6db9
In base 5, what is -10 + -44123231?
-44123241
In base 14, what is 735782 - -22?
7357a4
In base 16, what is 154e6 + -4036?
114b0
In base 11, what is 1771296 - 2?
1771294
In base 8, what is 33 + 274240?
274273
In base 9, what is 57631 + -221?
57410
In base 6, what is 4050 - 13200345?
-13152255
In base 14, what is 6669017 - 5?
6669012
In base 5, what is 424220223 - 10?
424220213
In base 6, wh